{"id":598,"date":"2020-11-30T21:56:24","date_gmt":"2020-11-30T20:56:24","guid":{"rendered":"podlove-2020-11-30t20:44:42+00:00-aec6fa99edbe6ac"},"modified":"2020-11-30T21:56:24","modified_gmt":"2020-11-30T20:56:24","slug":"episode-144-wir-ahnen-boeses","status":"publish","type":"podcast","link":"https:\/\/podcast.kuubus.de\/viererkette\/episode-144-wir-ahnen-boeses\/","title":{"rendered":"Episode 144 \u2013 Wir ahnen B\u00f6ses"},"content":{"rendered":"\n\t\t\n            <div class=\"podlove-web-player intrinsic-ignore podlove-web-player-loading\" id=\"player-69f3fbd1b6c41\"><root data-test=\"player--xl\" style=\"max-width:950px;min-width:260px;\">\n  <div class=\"tablet:px-6 tablet:pt-6 mobile:px-4 mobile:pt-4 flex flex-col\">\n    <div class=\"flex-col items-center mobile:flex tablet:hidden\">\n      <show-title class=\"text-sm\"><\/show-title>\n      <episode-title class=\"text-base mb-2\"><\/episode-title>\n      <subscribe-button class=\"mb-4 mobile:flex tablet:hidden\"><\/subscribe-button>\n      <poster class=\"rounded-sm w-48 shadow overflow-hidden\"><\/poster>\n      <divider class=\"w-full my-6\"><\/divider>\n    <\/div>\n\n    <div class=\"tablet:flex flex-grow\">\n      <div class=\"w-64 mobile:hidden tablet:block tablet:mr-6\">\n        <poster class=\"rounded-sm shadow overflow-hidden\"><\/poster>\n      <\/div>\n      <div class=\"w-full\">\n        <div class=\"hidden tablet:block\">\n          <show-title class=\"text-base\"><\/show-title>\n          <episode-title class=\"text-xl desktop:text-2xl\"><\/episode-title>\n          <divider class=\"w-full my-4\"><\/divider>\n        <\/div>\n        <div class=\"flex items-center justify-between\">\n          <div class=\"block\">\n            <play-state on=\"active\">\n              <speed-control class=\"flex items-center\"><\/speed-control>\n            <\/play-state>\n          <\/div>\n\n          <div class=\"flex\">\n            <play-state on=\"active\">\n              <chapter-previous class=\"mx-2 block\"><\/chapter-previous>\n            <\/play-state>\n            <play-state on=\"active\">\n              <step-backward class=\"mx-2 block\"><\/step-backward>\n            <\/play-state>\n\n            <play-button class=\"mx-2 block\" :label=\"$t('PLAYER.PLAY_EPISODE')\"><\/play-button>\n\n            <play-state on=\"active\">\n              <step-forward class=\"mx-2 block\"><\/step-forward>\n            <\/play-state>\n            <play-state on=\"active\">\n              <chapter-next class=\"mx-2 block\"><\/chapter-next>\n            <\/play-state>\n          <\/div>\n\n          <div class=\"block\">\n            <play-state on=\"active\">\n              <volume-control class=\"flex items-center\"><\/volume-control>\n            <\/play-state>\n          <\/div>\n        <\/div>\n        <div class=\"flex w-full\">\n          <progress-bar><\/progress-bar>\n        <\/div>\n        <div class=\"flex w-full -mt-2\">\n          <div class=\"w-3\/12 text-left\">\n            <timer-current class=\"text-sm\"><\/timer-current>\n          <\/div>\n          <div class=\"w-6\/12 text-center truncate\">\n            <play-state on=\"active\">\n              <current-chapter class=\"text-sm\"><\/current-chapter>\n            <\/play-state>\n          <\/div>\n          <div class=\"w-3\/12 text-right\">\n            <timer-duration class=\"text-sm\"><\/timer-duration>\n          <\/div>\n        <\/div>\n      <\/div>\n    <\/div>\n    <divider class=\"w-full mt-6 mb-3\"><\/divider>\n    <div class=\"flex justify-between\">\n      <div class=\"flex mobile:w-full tablet:w-3\/12 desktop:w-3\/12 justify-between\">\n        <tab-trigger tab=\"chapters\">\n          <icon type=\"chapter\"><\/icon>\n        <\/tab-trigger>\n        <tab-trigger tab=\"transcripts\">\n          <icon type=\"transcripts\"><\/icon>\n        <\/tab-trigger>\n        <tab-trigger tab=\"files\">\n          <icon type=\"download\"><\/icon>\n        <\/tab-trigger>\n        <tab-trigger tab=\"playlist\">\n          <icon type=\"playlist\"><\/icon>\n        <\/tab-trigger>\n        <tab-trigger tab=\"share\">\n          <icon type=\"share\"><\/icon>\n        <\/tab-trigger>\n      <\/div>\n      <subscribe-button class=\"mt-1 mobile:hidden tablet:flex\"><\/subscribe-button>\n    <\/div>\n  <\/div>\n  <div class=\"w-full relative overflow-hidden\">\n    <tab name=\"chapters\">\n      <tab-chapters><\/tab-chapters>\n    <\/tab>\n    <tab name=\"transcripts\">\n      <tab-transcripts><\/tab-transcripts>\n    <\/tab>\n    <tab name=\"files\">\n      <tab-files><\/tab-files>\n    <\/tab>\n    <tab name=\"playlist\">\n      <tab-playlist><\/tab-playlist>\n    <\/tab>\n    <tab name=\"share\">\n      <tab-share><\/tab-share>\n    <\/tab>\n    <tab-overflow><\/tab-overflow>\n  <\/div>\n  <error><\/error>\n<\/root>\n<\/div>\n            <script>\n              document.addEventListener(\"DOMContentLoaded\", function() {\n                var player = document.getElementById(\"player-69f3fbd1b6c41\");\n                podlovePlayerCache.add([{\"url\":\"https:\\\/\\\/podcast.kuubus.de\\\/viererkette\\\/wp-json\\\/podlove-web-player\\\/shortcode\\\/publisher\\\/598\",\"data\":{\"version\":5,\"show\":{\"title\":\"Viererkette\",\"subtitle\":\"Der Fu\\u00dfball-Podcast, der auch mal in die Offensive geht\",\"summary\":\"Wenn vier begeisterte Fu\\u00dfballfans aufeinandertreffen, dann bilden sie die Viererkette. Dieser Podcast besch\\u00e4ftigt sich also mit einer der sch\\u00f6nsten Nebensachen der Welt, dem runden Leder. In illustrer Runde besprechen wir die Spieltage der Fu\\u00dfballbundesliga. Wir schauen aber auch \\u00fcber den Tellerrand hinaus und k\\u00fcmmern uns neben dem DFB-Pokal auch um die Spiele in Champions und Europa League. Die Spiele unserer Nationalmannschaft haben wir nat\\u00fcrlich ebenso im Blick. Euch erwarten Meinungen, knallharte Analysen und kontrovers und leidenschaftlich gef\\u00fchrte Diskussionen. Wir w\\u00fcnschen gute Unterhaltung bei der Viererkette, eurem neuen Fu\\u00dfballpodcast. \\u00dcber Rezensionen und Bewertungen freuen wir uns \\u00fcbrigens genauso, wie \\u00fcber einen Besuch in den sozialen Netzwerken.\",\"poster\":\"https:\\\/\\\/podcast.kuubus.de\\\/viererkette\\\/wp-content\\\/cache\\\/podlove\\\/98\\\/419056c5ea06c7d876850fc7d8c61f\\\/viererkette_500x.jpg\",\"link\":\"https:\\\/\\\/podcast.kuubus.de\\\/viererkette\"},\"title\":\"Episode 144 \\u2013 Wir ahnen B\\u00f6ses\",\"subtitle\":\"\",\"summary\":\"In der 144. Episode der Viererkette blicken Mary, Totti, J\\u00fcrgen, Dirki und Dennis zun\\u00e4chst auf die Topmeldung des DFB. Joachim L\\u00f6w soll Bundestrainer bleiben und wir stehen dem skeptisch gegen\\u00fcber. Danach besch\\u00e4ftigen wir uns mit den europ\\u00e4ischen Wettbewerben. Wir besprechen, was in der vergangenen Woche passiert ist und was uns in dieser Woche erwartet. Das Hauptaugenmerk liegt wie immer auf der Bundesliga, dieses Mal auf dem 9. Spieltag. Es gab interessante Ergebnisse, \\u00fcber die es sich zu reden lohnt. Nat\\u00fcrlich soll auch der Tod von Fu\\u00dfballlegende Maradona nicht an uns vorbei gehen. \\r\\n\\r\\nH\\u00f6ren k\\u00f6nnt ihr die aktuelle Episode wie immer bei Soundcloud, YouTube, iTunes und Ko., im Podcatcher eurer Wahl und bei miensporrpodcast.de\",\"publicationDate\":\"2020-11-30T21:56:24+01:00\",\"duration\":\"01:22:58.872\",\"poster\":\"https:\\\/\\\/podcast.kuubus.de\\\/viererkette\\\/wp-content\\\/cache\\\/podlove\\\/98\\\/419056c5ea06c7d876850fc7d8c61f\\\/viererkette_500x.jpg\",\"link\":\"https:\\\/\\\/podcast.kuubus.de\\\/viererkette\\\/episode-144-wir-ahnen-boeses\\\/\",\"chapters\":[],\"audio\":[{\"url\":\"https:\\\/\\\/podcast.kuubus.de\\\/viererkette\\\/podlove\\\/file\\\/303\\\/s\\\/webplayer\\\/c\\\/website\\\/episode-144-wir-ahnen-boeses.m4a\",\"size\":\"102015139\",\"title\":\"MPEG-4 AAC Audio (m4a)\",\"mimeType\":\"audio\\\/mp4\"}],\"files\":[{\"url\":\"https:\\\/\\\/podcast.kuubus.de\\\/viererkette\\\/podlove\\\/file\\\/303\\\/s\\\/webplayer\\\/episode-144-wir-ahnen-boeses.m4a\",\"size\":\"102015139\",\"title\":\"MPEG-4 AAC Audio\",\"mimeType\":\"audio\\\/mp4\"}]}}, {\"url\":\"https:\\\/\\\/podcast.kuubus.de\\\/viererkette\\\/wp-json\\\/podlove-web-player\\\/shortcode\\\/config\\\/default\\\/theme\\\/default\",\"data\":{\"activeTab\":\"chapters\",\"subscribe-button\":null,\"share\":{\"channels\":[\"facebook\",\"twitter\",\"whats-app\",\"linkedin\",\"pinterest\",\"xing\",\"mail\",\"link\"],\"outlet\":\"https:\\\/\\\/podcast.kuubus.de\\\/viererkette\\\/wp-content\\\/plugins\\\/podlove-web-player\\\/web-player\\\/share.html\",\"sharePlaytime\":true},\"related-episodes\":{\"source\":\"disabled\",\"value\":null},\"version\":5,\"theme\":{\"tokens\":{\"brand\":\"#E64415\",\"brandDark\":\"#235973\",\"brandDarkest\":\"#1A3A4A\",\"brandLightest\":\"#E9F1F5\",\"shadeDark\":\"#807E7C\",\"shadeBase\":\"#807E7C\",\"contrast\":\"#000\",\"alt\":\"#fff\"},\"fonts\":{\"ci\":{\"name\":\"ci\",\"family\":[\"-apple-system\",\"BlinkMacSystemFont\",\"Segoe UI\",\"Roboto\",\"Helvetica\",\"Arial\",\"sans-serif\",\"Apple Color Emoji\",\"Segoe UI Emoji\\\", \\\"Segoe UI Symbol\"],\"src\":[],\"weight\":800},\"regular\":{\"name\":\"regular\",\"family\":[\"-apple-system\",\"BlinkMacSystemFont\",\"Segoe UI\",\"Roboto\",\"Helvetica\",\"Arial\",\"sans-serif\",\"Apple Color Emoji\",\"Segoe UI Emoji\\\", \\\"Segoe UI Symbol\"],\"src\":[],\"weight\":300},\"bold\":{\"name\":\"bold\",\"family\":[\"-apple-system\",\"BlinkMacSystemFont\",\"Segoe UI\",\"Roboto\",\"Helvetica\",\"Arial\",\"sans-serif\",\"Apple Color Emoji\",\"Segoe UI Emoji\\\", \\\"Segoe UI Symbol\"],\"src\":[],\"weight\":700}}},\"base\":\"https:\\\/\\\/podcast.kuubus.de\\\/viererkette\\\/wp-content\\\/plugins\\\/podlove-web-player\\\/web-player\\\/\"}}]);\n                podlovePlayer(player, \"https:\/\/podcast.kuubus.de\/viererkette\/wp-json\/podlove-web-player\/shortcode\/publisher\/598\", \"https:\/\/podcast.kuubus.de\/viererkette\/wp-json\/podlove-web-player\/shortcode\/config\/default\/theme\/default\").then(function() {\n                  player && player.classList.remove(\"podlove-web-player-loading\");\n                });\n              });\n            <\/script>\n            <style>\n              .podlove-web-player.podlove-web-player-loading {\n                opacity: 0;\n              }\n            <\/style>\n        \n\t\n\t\t<form action=\"#\"><div class=\"episode_downloads\"><input type=\"hidden\" name=\"ptm_source\" value=\"download\" \/><input type=\"hidden\" name=\"ptm_context\" value=\"select-button\" \/><select name=\"download_media_file\"><option value=\"303\" data-raw-url=\"https:\/\/podcast.kuubus.de\/viererkette\/podlove\/file\/303\/s\/download\/c\/select-show\/episode-144-wir-ahnen-boeses.m4a\">MPEG-4 AAC Audio [97 MB]<\/option><\/select><button class=\"podlove-download-primary\">Download<\/button><button class=\"podlove-download-secondary\">Show URL<\/button><\/div><\/form><script>\nfunction podlove_document_ready(fn) {\n  if (document.readyState != 'loading'){\n    fn();\n  } else {\n    document.addEventListener('DOMContentLoaded', fn);\n  }\n}\n\npodlove_document_ready(function() {\n\tdocument.querySelectorAll(\".episode_downloads\").forEach(function(item) {\n        var selectEl = item.querySelector(\"select\");\n\n        item.querySelector(\"button.podlove-download-secondary\").addEventListener(\"click\", function(e) {\n\t\t\te.preventDefault();\n            var optionEl = selectEl.querySelector(\"option[value='\"+ selectEl.value +\"']\")\n            let url = optionEl.dataset.rawUrl;\n\t\t\tprompt(\"Feel free to copy and paste this URL\", url);\n\t\t\treturn false;\n\t\t})\n\t});\n});\n<\/script>\n<ul>\n<li>R\u00fcckblick auf die europ\u00e4ischen Spiele der letzten Woche<\/li>\n<li>Analyse des 9. Bundesligaspieltags<\/li>\n<li>Ausblick auf die kommende Woche in Europa<\/li>\n<li>Gedanken zum Festhalten an Joachim L\u00f6w<\/li>\n<\/ul>\n<p><!--more--><br \/>\nIn der 144. Episode der Viererkette blicken Mary, Totti, J\u00fcrgen, Dirki und Dennis zun\u00e4chst auf die Topmeldung des DFB. Joachim L\u00f6w soll Bundestrainer bleiben und wir stehen dem skeptisch gegen\u00fcber. Danach besch\u00e4ftigen wir uns mit den europ\u00e4ischen Wettbewerben. Wir besprechen, was in der vergangenen Woche passiert ist und was uns in dieser Woche erwartet. Das Hauptaugenmerk liegt wie immer auf der Bundesliga, dieses Mal auf dem 9. Spieltag. Es gab interessante Ergebnisse, \u00fcber die es sich zu reden lohnt. Nat\u00fcrlich soll auch der Tod von Fu\u00dfballlegende Maradona nicht an uns vorbei gehen. <\/p>\n<p>H\u00f6ren k\u00f6nnt ihr die aktuelle Episode wie immer bei Soundcloud, YouTube, iTunes und Ko., im Podcatcher eurer Wahl und bei miensporrpodcast.de<\/p>\n","protected":false},"author":8,"featured_media":0,"comment_status":"open","ping_status":"open","template":"","meta":{"jetpack_post_was_ever_published":false,"footnotes":"","jetpack_publicize_message":"","jetpack_publicize_feature_enabled":true,"jetpack_social_post_already_shared":true,"jetpack_social_options":{"image_generator_settings":{"template":"highway","enabled":false},"version":2}},"tags":[53,137,30,348,15,16,4,231,219,5],"class_list":["post-598","podcast","type-podcast","status-publish","hentry","tag-1-bundesliga","tag-9-spieltag","tag-analyse","tag-bundestrainer","tag-champions-league","tag-europa-league","tag-fussball","tag-joachim-loew","tag-meinsportpodcast-de","tag-podcast","post"],"jetpack_publicize_connections":[],"jetpack_sharing_enabled":true,"_links":{"self":[{"href":"https:\/\/podcast.kuubus.de\/viererkette\/wp-json\/wp\/v2\/episodes\/598","targetHints":{"allow":["GET"]}}],"collection":[{"href":"https:\/\/podcast.kuubus.de\/viererkette\/wp-json\/wp\/v2\/episodes"}],"about":[{"href":"https:\/\/podcast.kuubus.de\/viererkette\/wp-json\/wp\/v2\/types\/podcast"}],"author":[{"embeddable":true,"href":"https:\/\/podcast.kuubus.de\/viererkette\/wp-json\/wp\/v2\/users\/8"}],"replies":[{"embeddable":true,"href":"https:\/\/podcast.kuubus.de\/viererkette\/wp-json\/wp\/v2\/comments?post=598"}],"version-history":[{"count":1,"href":"https:\/\/podcast.kuubus.de\/viererkette\/wp-json\/wp\/v2\/episodes\/598\/revisions"}],"predecessor-version":[{"id":599,"href":"https:\/\/podcast.kuubus.de\/viererkette\/wp-json\/wp\/v2\/episodes\/598\/revisions\/599"}],"wp:attachment":[{"href":"https:\/\/podcast.kuubus.de\/viererkette\/wp-json\/wp\/v2\/media?parent=598"}],"wp:term":[{"taxonomy":"post_tag","embeddable":true,"href":"https:\/\/podcast.kuubus.de\/viererkette\/wp-json\/wp\/v2\/tags?post=598"}],"curies":[{"name":"wp","href":"https:\/\/api.w.org\/{rel}","templated":true}]}}

Episode 144 – Wir ahnen Böses

<div class="podlove-web-player intrinsic-ignore podlove-web-player-loading" id="player-69f3fbd1b6c41"><root data-test="player--xl" style="max-width:950px;min-width:260px;">
  <div class="tablet:px-6 tablet:pt-6 mobile:px-4 mobile:pt-4 flex flex-col">
    <div class="flex-col items-center mobile:flex tablet:hidden">
      <show-title class="text-sm"></show-title>
      <episode-title class="text-base mb-2"></episode-title>
      <subscribe-button class="mb-4 mobile:flex tablet:hidden"></subscribe-button>
      <poster class="rounded-sm w-48 shadow overflow-hidden"></poster>
      <divider class="w-full my-6"></divider>
    </div>

    <div class="tablet:flex flex-grow">
      <div class="w-64 mobile:hidden tablet:block tablet:mr-6">
        <poster class="rounded-sm shadow overflow-hidden"></poster>
      </div>
      <div class="w-full">
        <div class="hidden tablet:block">
          <show-title class="text-base"></show-title>
          <episode-title class="text-xl desktop:text-2xl"></episode-title>
          <divider class="w-full my-4"></divider>
        </div>
        <div class="flex items-center justify-between">
          <div class="block">
            <play-state on="active">
              <speed-control class="flex items-center"></speed-control>
            </play-state>
          </div>

          <div class="flex">
            <play-state on="active">
              <chapter-previous class="mx-2 block"></chapter-previous>
            </play-state>
            <play-state on="active">
              <step-backward class="mx-2 block"></step-backward>
            </play-state>

            <play-button class="mx-2 block" :label="$t('PLAYER.PLAY_EPISODE')"></play-button>

            <play-state on="active">
              <step-forward class="mx-2 block"></step-forward>
            </play-state>
            <play-state on="active">
              <chapter-next class="mx-2 block"></chapter-next>
            </play-state>
          </div>

          <div class="block">
            <play-state on="active">
              <volume-control class="flex items-center"></volume-control>
            </play-state>
          </div>
        </div>
        <div class="flex w-full">
          <progress-bar></progress-bar>
        </div>
        <div class="flex w-full -mt-2">
          <div class="w-3/12 text-left">
            <timer-current class="text-sm"></timer-current>
          </div>
          <div class="w-6/12 text-center truncate">
            <play-state on="active">
              <current-chapter class="text-sm"></current-chapter>
            </play-state>
          </div>
          <div class="w-3/12 text-right">
            <timer-duration class="text-sm"></timer-duration>
          </div>
        </div>
      </div>
    </div>
    <divider class="w-full mt-6 mb-3"></divider>
    <div class="flex justify-between">
      <div class="flex mobile:w-full tablet:w-3/12 desktop:w-3/12 justify-between">
        <tab-trigger tab="chapters">
          <icon type="chapter"></icon>
        </tab-trigger>
        <tab-trigger tab="transcripts">
          <icon type="transcripts"></icon>
        </tab-trigger>
        <tab-trigger tab="files">
          <icon type="download"></icon>
        </tab-trigger>
        <tab-trigger tab="playlist">
          <icon type="playlist"></icon>
        </tab-trigger>
        <tab-trigger tab="share">
          <icon type="share"></icon>
        </tab-trigger>
      </div>
      <subscribe-button class="mt-1 mobile:hidden tablet:flex"></subscribe-button>
    </div>
  </div>
  <div class="w-full relative overflow-hidden">
    <tab name="chapters">
      <tab-chapters></tab-chapters>
    </tab>
    <tab name="transcripts">
      <tab-transcripts></tab-transcripts>
    </tab>
    <tab name="files">
      <tab-files></tab-files>
    </tab>
    <tab name="playlist">
      <tab-playlist></tab-playlist>
    </tab>
    <tab name="share">
      <tab-share></tab-share>
    </tab>
    <tab-overflow></tab-overflow>
  </div>
  <error></error>
</root>
</div>
            <script>
              document.addEventListener("DOMContentLoaded", function() {
                var player = document.getElementById("player-69f3fbd1b6c41");
                podlovePlayerCache.add([{"url":"https:\/\/podcast.kuubus.de\/viererkette\/wp-json\/podlove-web-player\/shortcode\/publisher\/598","data":{"version":5,"show":{"title":"Viererkette","subtitle":"Der Fu\u00dfball-Podcast, der auch mal in die Offensive geht","summary":"Wenn vier begeisterte Fu\u00dfballfans aufeinandertreffen, dann bilden sie die Viererkette. Dieser Podcast besch\u00e4ftigt sich also mit einer der sch\u00f6nsten Nebensachen der Welt, dem runden Leder. In illustrer Runde besprechen wir die Spieltage der Fu\u00dfballbundesliga. Wir schauen aber auch \u00fcber den Tellerrand hinaus und k\u00fcmmern uns neben dem DFB-Pokal auch um die Spiele in Champions und Europa League. Die Spiele unserer Nationalmannschaft haben wir nat\u00fcrlich ebenso im Blick. Euch erwarten Meinungen, knallharte Analysen und kontrovers und leidenschaftlich gef\u00fchrte Diskussionen. Wir w\u00fcnschen gute Unterhaltung bei der Viererkette, eurem neuen Fu\u00dfballpodcast. \u00dcber Rezensionen und Bewertungen freuen wir uns \u00fcbrigens genauso, wie \u00fcber einen Besuch in den sozialen Netzwerken.","poster":"https:\/\/podcast.kuubus.de\/viererkette\/wp-content\/cache\/podlove\/98\/419056c5ea06c7d876850fc7d8c61f\/viererkette_500x.jpg","link":"https:\/\/podcast.kuubus.de\/viererkette"},"title":"Episode 144 \u2013 Wir ahnen B\u00f6ses","subtitle":"","summary":"In der 144. Episode der Viererkette blicken Mary, Totti, J\u00fcrgen, Dirki und Dennis zun\u00e4chst auf die Topmeldung des DFB. Joachim L\u00f6w soll Bundestrainer bleiben und wir stehen dem skeptisch gegen\u00fcber. Danach besch\u00e4ftigen wir uns mit den europ\u00e4ischen Wettbewerben. Wir besprechen, was in der vergangenen Woche passiert ist und was uns in dieser Woche erwartet. Das Hauptaugenmerk liegt wie immer auf der Bundesliga, dieses Mal auf dem 9. Spieltag. Es gab interessante Ergebnisse, \u00fcber die es sich zu reden lohnt. Nat\u00fcrlich soll auch der Tod von Fu\u00dfballlegende Maradona nicht an uns vorbei gehen. \r\n\r\nH\u00f6ren k\u00f6nnt ihr die aktuelle Episode wie immer bei Soundcloud, YouTube, iTunes und Ko., im Podcatcher eurer Wahl und bei miensporrpodcast.de","publicationDate":"2020-11-30T21:56:24+01:00","duration":"01:22:58.872","poster":"https:\/\/podcast.kuubus.de\/viererkette\/wp-content\/cache\/podlove\/98\/419056c5ea06c7d876850fc7d8c61f\/viererkette_500x.jpg","link":"https:\/\/podcast.kuubus.de\/viererkette\/episode-144-wir-ahnen-boeses\/","chapters":[],"audio":[{"url":"https:\/\/podcast.kuubus.de\/viererkette\/podlove\/file\/303\/s\/webplayer\/c\/website\/episode-144-wir-ahnen-boeses.m4a","size":"102015139","title":"MPEG-4 AAC Audio (m4a)","mimeType":"audio\/mp4"}],"files":[{"url":"https:\/\/podcast.kuubus.de\/viererkette\/podlove\/file\/303\/s\/webplayer\/episode-144-wir-ahnen-boeses.m4a","size":"102015139","title":"MPEG-4 AAC Audio","mimeType":"audio\/mp4"}]}}, {"url":"https:\/\/podcast.kuubus.de\/viererkette\/wp-json\/podlove-web-player\/shortcode\/config\/default\/theme\/default","data":{"activeTab":"chapters","subscribe-button":null,"share":{"channels":["facebook","twitter","whats-app","linkedin","pinterest","xing","mail","link"],"outlet":"https:\/\/podcast.kuubus.de\/viererkette\/wp-content\/plugins\/podlove-web-player\/web-player\/share.html","sharePlaytime":true},"related-episodes":{"source":"disabled","value":null},"version":5,"theme":{"tokens":{"brand":"#E64415","brandDark":"#235973","brandDarkest":"#1A3A4A","brandLightest":"#E9F1F5","shadeDark":"#807E7C","shadeBase":"#807E7C","contrast":"#000","alt":"#fff"},"fonts":{"ci":{"name":"ci","family":["-apple-system","BlinkMacSystemFont","Segoe UI","Roboto","Helvetica","Arial","sans-serif","Apple Color Emoji","Segoe UI Emoji\", \"Segoe UI Symbol"],"src":[],"weight":800},"regular":{"name":"regular","family":["-apple-system","BlinkMacSystemFont","Segoe UI","Roboto","Helvetica","Arial","sans-serif","Apple Color Emoji","Segoe UI Emoji\", \"Segoe UI Symbol"],"src":[],"weight":300},"bold":{"name":"bold","family":["-apple-system","BlinkMacSystemFont","Segoe UI","Roboto","Helvetica","Arial","sans-serif","Apple Color Emoji","Segoe UI Emoji\", \"Segoe UI Symbol"],"src":[],"weight":700}}},"base":"https:\/\/podcast.kuubus.de\/viererkette\/wp-content\/plugins\/podlove-web-player\/web-player\/"}}]);
                podlovePlayer(player, "https://podcast.kuubus.de/viererkette/wp-json/podlove-web-player/shortcode/publisher/598", "https://podcast.kuubus.de/viererkette/wp-json/podlove-web-player/shortcode/config/default/theme/default").then(function() {
                  player && player.classList.remove("podlove-web-player-loading");
                });
              });
            </script>
            <style>
              .podlove-web-player.podlove-web-player-loading {
                opacity: 0;
              }
            </style>
        
	
		<form action="#"><div class="episode_downloads"><input type="hidden" name="ptm_source" value="download" /><input type="hidden" name="ptm_context" value="select-button" /><select name="download_media_file"><option value="303" data-raw-url="https://podcast.kuubus.de/viererkette/podlove/file/303/s/download/c/select-show/episode-144-wir-ahnen-boeses.m4a">MPEG-4 AAC Audio [97 MB]</option></select><button class="podlove-download-primary">Download</button><button class="podlove-download-secondary">Show URL</button></div></form><script>
function podlove_document_ready(fn) {
  if (document.readyState != 'loading'){
    fn();
  } else {
    document.addEventListener('DOMContentLoaded', fn);
  }
}

podlove_document_ready(function() {
	document.querySelectorAll(".episode_downloads").forEach(function(item) {
        var selectEl = item.querySelector("select");

        item.querySelector("button.podlove-download-secondary").addEventListener("click", function(e) {
			e.preventDefault();
            var optionEl = selectEl.querySelector("option[value='"+ selectEl.value +"']")
            let url = optionEl.dataset.rawUrl;
			prompt("Feel free to copy and paste this URL", url);
			return false;
		})
	});
});
</script>
<ul>
<li>Rückblick auf die europäischen Spiele der letzten Woche</li>
<li>Analyse des 9. Bundesligaspieltags</li>
<li>Ausblick auf die kommende Woche in Europa</li>
<li>Gedanken zum Festhalten an Joachim Löw</li>
</ul>
<p><!--more--><br />
In der 144. Episode der Viererkette blicken Mary, Totti, Jürgen, Dirki und Dennis zunächst auf die Topmeldung des DFB. Joachim Löw soll Bundestrainer bleiben und wir stehen dem skeptisch gegenüber. Danach beschäftigen wir uns mit den europäischen Wettbewerben. Wir besprechen, was in der vergangenen Woche passiert ist und was uns in dieser Woche erwartet. Das Hauptaugenmerk liegt wie immer auf der Bundesliga, dieses Mal auf dem 9. Spieltag. Es gab interessante Ergebnisse, über die es sich zu reden lohnt. Natürlich soll auch der Tod von Fußballlegende Maradona nicht an uns vorbei gehen. </p>
<p>Hören könnt ihr die aktuelle Episode wie immer bei Soundcloud, YouTube, iTunes und Ko., im Podcatcher eurer Wahl und bei miensporrpodcast.de</p>
