{"id":79,"date":"2016-11-29T16:31:05","date_gmt":"2016-11-29T15:31:05","guid":{"rendered":"http:\/\/podcast.kuubus.de\/tuer-und-angel\/?page_id=79"},"modified":"2021-05-28T01:36:03","modified_gmt":"2021-05-27T23:36:03","slug":"ueber-mich","status":"publish","type":"page","link":"https:\/\/podcast.kuubus.de\/tuer-und-angel\/ueber-mich\/","title":{"rendered":"\u00dcber mich"},"content":{"rendered":"<p>Mehr \u00fcber mich erf\u00e4hrst Du unter<\/p>\n<p><a href=\"https:\/\/blendinger.berlin\">https:\/\/blendinger.berlin<\/a><\/p>\n","protected":false},"excerpt":{"rendered":"<p>Mehr \u00fcber mich erf\u00e4hrst Du unter https:\/\/blendinger.berlin<\/p>\n","protected":false},"author":1,"featured_media":0,"parent":0,"menu_order":0,"comment_status":"closed","ping_status":"closed","template":"","meta":{"jetpack_post_was_ever_published":false,"footnotes":""},"class_list":["post-79","page","type-page","status-publish","hentry"],"jetpack_sharing_enabled":true,"jetpack_shortlink":"https:\/\/wp.me\/P8wtZ5-1h","_links":{"self":[{"href":"https:\/\/podcast.kuubus.de\/tuer-und-angel\/wp-json\/wp\/v2\/pages\/79","targetHints":{"allow":["GET"]}}],"collection":[{"href":"https:\/\/podcast.kuubus.de\/tuer-und-angel\/wp-json\/wp\/v2\/pages"}],"about":[{"href":"https:\/\/podcast.kuubus.de\/tuer-und-angel\/wp-json\/wp\/v2\/types\/page"}],"author":[{"embeddable":true,"href":"https:\/\/podcast.kuubus.de\/tuer-und-angel\/wp-json\/wp\/v2\/users\/1"}],"replies":[{"embeddable":true,"href":"https:\/\/podcast.kuubus.de\/tuer-und-angel\/wp-json\/wp\/v2\/comments?post=79"}],"version-history":[{"count":4,"href":"https:\/\/podcast.kuubus.de\/tuer-und-angel\/wp-json\/wp\/v2\/pages\/79\/revisions"}],"predecessor-version":[{"id":421,"href":"https:\/\/podcast.kuubus.de\/tuer-und-angel\/wp-json\/wp\/v2\/pages\/79\/revisions\/421"}],"wp:attachment":[{"href":"https:\/\/podcast.kuubus.de\/tuer-und-angel\/wp-json\/wp\/v2\/media?parent=79"}],"curies":[{"name":"wp","href":"https:\/\/api.w.org\/{rel}","templated":true}]}}