{"id":168,"date":"2017-03-12T10:00:52","date_gmt":"2017-03-12T09:00:52","guid":{"rendered":"http:\/\/podcast.kuubus.de\/tuer-und-angel\/?page_id=168"},"modified":"2017-03-15T14:11:00","modified_gmt":"2017-03-15T13:11:00","slug":"dev-developement-programmieren","status":"publish","type":"page","link":"https:\/\/podcast.kuubus.de\/tuer-und-angel\/themen\/dev-developement-programmieren\/","title":{"rendered":"DEV &#8211; Developement (Programmieren)"},"content":{"rendered":"<p>Development oder einfach Entwicklung bzw. Programmieren sind eine weitere Leidenschaft von mir. Genauso wie die Welt der Technik ist dieser Themenbereich sehr interessant. Was w\u00e4ren moderne elektronische Ger\u00e4te oder ihr Herzst\u00fcck (die Software).<\/p>\n<p>Du erf\u00e4hrst hier mehr \u00fcber das Programmieren im Allgemeinen und \u00fcber diverse Sprachen. Vielleicht gibt es auch einen kleinen Einf\u00fchrungskurs in die Programmierung und die grundlegenden Prinzipien.<\/p>\n<table style=\"background: transparent!important;\">\n    <thead>\n        <th><\/th>\n        <th>Datum<\/th>\n        <th>Episode<\/th>\n        <th>Dauer<\/th>\n    <\/thead>\n    <tbody>\n                  \t            \t                      \t            \t                      \t            \t                      \t                      \t            \t                    <tr class=\"podcast_archive_element\">\n            <td class=\"thumbnail\">\n                \n<img loading=\"lazy\" decoding=\"async\" width=\"64\" height=\"64\" src=\"https:\/\/podcast.kuubus.de\/tuer-und-angel\/wp-content\/cache\/podlove\/9f\/a6ef75a3278f653fb42476b6d44f70\/themenkanaele-des-tuer-und-angel-podcasts_64x64.jpg\" srcset=\"https:\/\/podcast.kuubus.de\/tuer-und-angel\/wp-content\/cache\/podlove\/9f\/a6ef75a3278f653fb42476b6d44f70\/themenkanaele-des-tuer-und-angel-podcasts_64x64.jpg 1x, https:\/\/podcast.kuubus.de\/tuer-und-angel\/wp-content\/cache\/podlove\/9f\/a6ef75a3278f653fb42476b6d44f70\/themenkanaele-des-tuer-und-angel-podcasts_128x.jpg 2x, https:\/\/podcast.kuubus.de\/tuer-und-angel\/wp-content\/cache\/podlove\/9f\/a6ef75a3278f653fb42476b6d44f70\/themenkanaele-des-tuer-und-angel-podcasts_192x.jpg 3x\"\/>\n\n            <\/td>\n            <td class=\"date\">\n                <span class=\"release_date\">\n                    23. M\u00e4rz 2017 21:46\n                <\/span>\n            <\/td>\n            <td class=\"title\">\n                <a href=\"https:\/\/podcast.kuubus.de\/tuer-und-angel\/xyz009-themenkanaele-des-tuer-und-angel-podcasts\/\">\n                    <strong>Themenkan\u00e4le des T\u00fcr und Angel Podcasts<\/strong><br>\n                    Themenkan\u00e4le einzeln abonnierbar\n                <\/a>\n            <\/td>\n            <td class=\"duration\">\n                                0:05:40\n            <\/td>\n        <\/tr>\n\t\t\t            \t            \t            \t            \t            \t            \t            \t            \t            \t                      \t                      \t                              <tr class=\"podcast_archive_element\">\n            <td class=\"thumbnail\">\n                \n<img loading=\"lazy\" decoding=\"async\" width=\"64\" height=\"64\" src=\"https:\/\/podcast.kuubus.de\/tuer-und-angel\/wp-content\/cache\/podlove\/14\/dcb142f41ffb8528a2e2abedbf1306\/back-to-the-roots-wie-nah-sind-wir-am-maschinen-code_64x64.jpg\" srcset=\"https:\/\/podcast.kuubus.de\/tuer-und-angel\/wp-content\/cache\/podlove\/14\/dcb142f41ffb8528a2e2abedbf1306\/back-to-the-roots-wie-nah-sind-wir-am-maschinen-code_64x64.jpg 1x, https:\/\/podcast.kuubus.de\/tuer-und-angel\/wp-content\/cache\/podlove\/14\/dcb142f41ffb8528a2e2abedbf1306\/back-to-the-roots-wie-nah-sind-wir-am-maschinen-code_128x.jpg 2x, https:\/\/podcast.kuubus.de\/tuer-und-angel\/wp-content\/cache\/podlove\/14\/dcb142f41ffb8528a2e2abedbf1306\/back-to-the-roots-wie-nah-sind-wir-am-maschinen-code_192x.jpg 3x\"\/>\n\n            <\/td>\n            <td class=\"date\">\n                <span class=\"release_date\">\n                    18. M\u00e4rz 2017 9:08\n                <\/span>\n            <\/td>\n            <td class=\"title\">\n                <a href=\"https:\/\/podcast.kuubus.de\/tuer-und-angel\/dev006-back-to-the-roots-wie-nah-sind-wir-am-maschinen-code\/\">\n                    <strong>Back to the Roots - Wie nah sind wir am Maschinen Code?<\/strong><br>\n                    Eine Sprache ganz dicht an Maschinencode\n                <\/a>\n            <\/td>\n            <td class=\"duration\">\n                                0:05:03\n            <\/td>\n        <\/tr>\n\t\t\t                              <tr class=\"podcast_archive_element\">\n            <td class=\"thumbnail\">\n                \n<img loading=\"lazy\" decoding=\"async\" width=\"64\" height=\"64\" src=\"https:\/\/podcast.kuubus.de\/tuer-und-angel\/wp-content\/cache\/podlove\/04\/a05b74b125aea24b97bead5f6f96a2\/compiler-interpreter-und-der-intermediate-code_64x64.jpg\" srcset=\"https:\/\/podcast.kuubus.de\/tuer-und-angel\/wp-content\/cache\/podlove\/04\/a05b74b125aea24b97bead5f6f96a2\/compiler-interpreter-und-der-intermediate-code_64x64.jpg 1x, https:\/\/podcast.kuubus.de\/tuer-und-angel\/wp-content\/cache\/podlove\/04\/a05b74b125aea24b97bead5f6f96a2\/compiler-interpreter-und-der-intermediate-code_128x.jpg 2x, https:\/\/podcast.kuubus.de\/tuer-und-angel\/wp-content\/cache\/podlove\/04\/a05b74b125aea24b97bead5f6f96a2\/compiler-interpreter-und-der-intermediate-code_192x.jpg 3x\"\/>\n\n            <\/td>\n            <td class=\"date\">\n                <span class=\"release_date\">\n                    17. M\u00e4rz 2017 14:01\n                <\/span>\n            <\/td>\n            <td class=\"title\">\n                <a href=\"https:\/\/podcast.kuubus.de\/tuer-und-angel\/dev005-compiler-interpreter-und-der-intermediate-code\/\">\n                    <strong>Compiler, Interpreter und der Intermediate-Code<\/strong><br>\n                    F\u00fcr den Computer \u00fcbersetzen oder dolmetschen.\n                <\/a>\n            <\/td>\n            <td class=\"duration\">\n                                0:08:44\n            <\/td>\n        <\/tr>\n\t\t\t                              <tr class=\"podcast_archive_element\">\n            <td class=\"thumbnail\">\n                \n<img loading=\"lazy\" decoding=\"async\" width=\"64\" height=\"64\" src=\"https:\/\/podcast.kuubus.de\/tuer-und-angel\/wp-content\/cache\/podlove\/bb\/1c2698a94f27d21320057e0445f85f\/zahnraeder-und-das-prinzip-der-modularisierung_64x64.jpg\" srcset=\"https:\/\/podcast.kuubus.de\/tuer-und-angel\/wp-content\/cache\/podlove\/bb\/1c2698a94f27d21320057e0445f85f\/zahnraeder-und-das-prinzip-der-modularisierung_64x64.jpg 1x, https:\/\/podcast.kuubus.de\/tuer-und-angel\/wp-content\/cache\/podlove\/bb\/1c2698a94f27d21320057e0445f85f\/zahnraeder-und-das-prinzip-der-modularisierung_128x.jpg 2x, https:\/\/podcast.kuubus.de\/tuer-und-angel\/wp-content\/cache\/podlove\/bb\/1c2698a94f27d21320057e0445f85f\/zahnraeder-und-das-prinzip-der-modularisierung_192x.jpg 3x\"\/>\n\n            <\/td>\n            <td class=\"date\">\n                <span class=\"release_date\">\n                    16. M\u00e4rz 2017 20:06\n                <\/span>\n            <\/td>\n            <td class=\"title\">\n                <a href=\"https:\/\/podcast.kuubus.de\/tuer-und-angel\/dev004-zahnraeder-und-das-prinzip-der-modularisierung\/\">\n                    <strong>Zahnr\u00e4der und das Prinzip der Modularisierung<\/strong><br>\n                    Dank der Modularisierung m\u00fcssen wir das Rad nicht jedes Mal neu erfinden.\n                <\/a>\n            <\/td>\n            <td class=\"duration\">\n                                0:11:39\n            <\/td>\n        <\/tr>\n\t\t\t                      \t                              <tr class=\"podcast_archive_element\">\n            <td class=\"thumbnail\">\n                \n<img loading=\"lazy\" decoding=\"async\" width=\"64\" height=\"64\" src=\"https:\/\/podcast.kuubus.de\/tuer-und-angel\/wp-content\/cache\/podlove\/b4\/50a6559ff3ea8241a248395aa80050\/was-sind-programme-und-was-ist-programmieren_64x64.jpg\" srcset=\"https:\/\/podcast.kuubus.de\/tuer-und-angel\/wp-content\/cache\/podlove\/b4\/50a6559ff3ea8241a248395aa80050\/was-sind-programme-und-was-ist-programmieren_64x64.jpg 1x, https:\/\/podcast.kuubus.de\/tuer-und-angel\/wp-content\/cache\/podlove\/b4\/50a6559ff3ea8241a248395aa80050\/was-sind-programme-und-was-ist-programmieren_128x.jpg 2x, https:\/\/podcast.kuubus.de\/tuer-und-angel\/wp-content\/cache\/podlove\/b4\/50a6559ff3ea8241a248395aa80050\/was-sind-programme-und-was-ist-programmieren_192x.jpg 3x\"\/>\n\n            <\/td>\n            <td class=\"date\">\n                <span class=\"release_date\">\n                    14. M\u00e4rz 2017 11:33\n                <\/span>\n            <\/td>\n            <td class=\"title\">\n                <a href=\"https:\/\/podcast.kuubus.de\/tuer-und-angel\/dev002-was-sind-programme-und-was-ist-programmieren\/\">\n                    <strong>Was sind Programme und was ist programmieren<\/strong><br>\n                    Von programmieren und Programmen.\n                <\/a>\n            <\/td>\n            <td class=\"duration\">\n                                0:14:37\n            <\/td>\n        <\/tr>\n\t\t\t                      \t            \t            \t                    <tr class=\"podcast_archive_element\">\n            <td class=\"thumbnail\">\n                \n<img loading=\"lazy\" decoding=\"async\" width=\"64\" height=\"64\" src=\"https:\/\/podcast.kuubus.de\/tuer-und-angel\/wp-content\/cache\/podlove\/00\/1182e6141017c0b49c106da07e41fb\/zwischen-tuer-und-angel_64x64.jpg\" srcset=\"https:\/\/podcast.kuubus.de\/tuer-und-angel\/wp-content\/cache\/podlove\/00\/1182e6141017c0b49c106da07e41fb\/zwischen-tuer-und-angel_64x64.jpg 1x, https:\/\/podcast.kuubus.de\/tuer-und-angel\/wp-content\/cache\/podlove\/00\/1182e6141017c0b49c106da07e41fb\/zwischen-tuer-und-angel_128x.jpg 2x, https:\/\/podcast.kuubus.de\/tuer-und-angel\/wp-content\/cache\/podlove\/00\/1182e6141017c0b49c106da07e41fb\/zwischen-tuer-und-angel_192x.jpg 3x\"\/>\n\n            <\/td>\n            <td class=\"date\">\n                <span class=\"release_date\">\n                    12. M\u00e4rz 2017 14:01\n                <\/span>\n            <\/td>\n            <td class=\"title\">\n                <a href=\"https:\/\/podcast.kuubus.de\/tuer-und-angel\/001-zwischen-tuer-und-angel\/\">\n                    <strong>zwischen T\u00fcr und Angel<\/strong><br>\n                    Infos und Gedanken zwischen T\u00dcR UND ANGEL\n                <\/a>\n            <\/td>\n            <td class=\"duration\">\n                                0:13:03\n            <\/td>\n        <\/tr>\n\t\t\t            \t            \t            \t            \t            \t            \t            \t            \t            \t            <\/tbody>\n<\/table>\n\n<style type=\"text\/css\">\n.podcast_archive_element .thumbnail {\n    width: 64px;\n    padding: 5px !important;\n}\n\n.podcast_archive_element td {\n    vertical-align: top;\n}\n<\/style>\n","protected":false},"excerpt":{"rendered":"<p>Development oder einfach Entwicklung bzw. Programmieren sind eine weitere Leidenschaft von mir. Genauso wie die Welt der Technik ist dieser Themenbereich sehr interessant. Was w\u00e4ren moderne elektronische Ger\u00e4te oder ihr Herzst\u00fcck (die Software). Du erf\u00e4hrst hier mehr \u00fcber das Programmieren im Allgemeinen und \u00fcber diverse Sprachen. Vielleicht gibt es auch einen kleinen Einf\u00fchrungskurs in die [&hellip;]<\/p>\n","protected":false},"author":1,"featured_media":0,"parent":156,"menu_order":0,"comment_status":"closed","ping_status":"closed","template":"","meta":{"jetpack_post_was_ever_published":false,"footnotes":""},"class_list":["post-168","page","type-page","status-publish","hentry"],"jetpack_sharing_enabled":true,"jetpack_shortlink":"https:\/\/wp.me\/P8wtZ5-2I","_links":{"self":[{"href":"https:\/\/podcast.kuubus.de\/tuer-und-angel\/wp-json\/wp\/v2\/pages\/168","targetHints":{"allow":["GET"]}}],"collection":[{"href":"https:\/\/podcast.kuubus.de\/tuer-und-angel\/wp-json\/wp\/v2\/pages"}],"about":[{"href":"https:\/\/podcast.kuubus.de\/tuer-und-angel\/wp-json\/wp\/v2\/types\/page"}],"author":[{"embeddable":true,"href":"https:\/\/podcast.kuubus.de\/tuer-und-angel\/wp-json\/wp\/v2\/users\/1"}],"replies":[{"embeddable":true,"href":"https:\/\/podcast.kuubus.de\/tuer-und-angel\/wp-json\/wp\/v2\/comments?post=168"}],"version-history":[{"count":4,"href":"https:\/\/podcast.kuubus.de\/tuer-und-angel\/wp-json\/wp\/v2\/pages\/168\/revisions"}],"predecessor-version":[{"id":242,"href":"https:\/\/podcast.kuubus.de\/tuer-und-angel\/wp-json\/wp\/v2\/pages\/168\/revisions\/242"}],"up":[{"embeddable":true,"href":"https:\/\/podcast.kuubus.de\/tuer-und-angel\/wp-json\/wp\/v2\/pages\/156"}],"wp:attachment":[{"href":"https:\/\/podcast.kuubus.de\/tuer-und-angel\/wp-json\/wp\/v2\/media?parent=168"}],"curies":[{"name":"wp","href":"https:\/\/api.w.org\/{rel}","templated":true}]}}